{"id":26,"date":"2018-11-23T12:50:58","date_gmt":"2018-11-23T11:50:58","guid":{"rendered":"http:\/\/www.net-complete.de\/wordpress\/?page_id=26"},"modified":"2025-08-27T16:17:43","modified_gmt":"2025-08-27T14:17:43","slug":"impressum","status":"publish","type":"page","link":"https:\/\/www.net-complete.de\/?page_id=26","title":{"rendered":"Impressum"},"content":{"rendered":"<p><strong>Eigent\u00fcmer der Domain net-complete.de und verantwortlich f\u00fcr die Inhalte:<\/strong><\/p>\n<p>NET-complete GmbH &amp; Co. KG<\/p>\n<p>Possendorf &#8211; Am Spitzberg 6<\/p>\n<p>01728 Bannewitz<\/p>\n<p><strong>Vertretungsberechtigt durch:<\/strong><\/p>\n<p>Ing. J\u00f6rg Pellmann<\/p>\n<p>B.Sc (BA) Christian Pellmann<\/p>\n<p>info@net-complete.de<\/p>\n<p><strong>Ust.-ID:<\/strong><\/p>\n<p>DE363335285<\/p>\n<p><strong>Haftungshinweis:<\/strong><\/p>\n<p>Trotz sorgf\u00e4ltiger inhaltlicher Kontrolle \u00fcbernehmen wir keine Haftung f\u00fcr die Inhalte externer Links. F\u00fcr den Inhalt\u00a0 der verlinkten Seiten sind ausschliesslich deren Betreiber verantwortlich.<\/p>\n","protected":false},"excerpt":{"rendered":"<p>Eigent\u00fcmer der Domain net-complete.de und verantwortlich f\u00fcr die Inhalte: NET-complete GmbH &amp; Co. KG Possendorf &#8211; Am Spitzberg 6 01728 Bannewitz Vertretungsberechtigt durch: Ing. J\u00f6rg Pellmann B.Sc (BA) Christian Pellmann info@net-complete.de Ust.-ID: DE363335285 Haftungshinweis:&#46;&#46;&#46;<\/p>\n","protected":false},"author":1,"featured_media":0,"parent":0,"menu_order":0,"comment_status":"closed","ping_status":"closed","template":"","meta":[],"_links":{"self":[{"href":"https:\/\/www.net-complete.de\/index.php?rest_route=\/wp\/v2\/pages\/26"}],"collection":[{"href":"https:\/\/www.net-complete.de\/index.php?rest_route=\/wp\/v2\/pages"}],"about":[{"href":"https:\/\/www.net-complete.de\/index.php?rest_route=\/wp\/v2\/types\/page"}],"author":[{"embeddable":true,"href":"https:\/\/www.net-complete.de\/index.php?rest_route=\/wp\/v2\/users\/1"}],"replies":[{"embeddable":true,"href":"https:\/\/www.net-complete.de\/index.php?rest_route=%2Fwp%2Fv2%2Fcomments&post=26"}],"version-history":[{"count":8,"href":"https:\/\/www.net-complete.de\/index.php?rest_route=\/wp\/v2\/pages\/26\/revisions"}],"predecessor-version":[{"id":184,"href":"https:\/\/www.net-complete.de\/index.php?rest_route=\/wp\/v2\/pages\/26\/revisions\/184"}],"wp:attachment":[{"href":"https:\/\/www.net-complete.de\/index.php?rest_route=%2Fwp%2Fv2%2Fmedia&parent=26"}],"curies":[{"name":"wp","href":"https:\/\/api.w.org\/{rel}","templated":true}]}}